{"id":27,"date":"2018-04-21T08:45:38","date_gmt":"2018-04-21T08:45:38","guid":{"rendered":"http:\/\/wp3.commonsupport.com\/newwp\/metron\/?page_id=27"},"modified":"2022-04-16T08:59:03","modified_gmt":"2022-04-16T05:59:03","slug":"about-us-2","status":"publish","type":"page","link":"https:\/\/assamangal.com\/?page_id=27","title":{"rendered":"Firma Profili"},"content":{"rendered":"<p><section class=\"kc-elm kc-css-873248 kc_row\"><div class=\"kc-row-container\"><div class=\"kc-wrap-columns\"><div class=\"kc-elm kc-css-510756 kc_col-sm-12 kc_column kc_col-sm-12\"><div class=\"kc-col-container\"><!--About Section-->\r\n<section class=\"about-section\">\r\n    <div class=\"auto-container\">\r\n        <div class=\"row clearfix\">\r\n\r\n            <!--Content Column-->\r\n            <div class=\"content-column col-md-8 col-sm-12 col-xs-12\">\r\n                <div class=\"inner-column\">\r\n                    <div class=\"sec-title\">\r\n                        <h2>Hakk\u0131m\u0131zda<\/h2>\r\n                        <div class=\"separator\"><\/div>\r\n                    <\/div>\r\n                    <div class=\"bold-text\">Yasin Il\u0131ta\u015f, 1976 y\u0131l\u0131nda kurulup soba ve mangal \u00fcretimi yapmaya ba\u015flam\u0131\u015ft\u0131r.<\/div>\r\n                    <div class=\"text\">Firmam\u0131z kurulmu\u015f oldu\u011fu g\u00fcnden bug\u00fcne, \u00e7a\u011fa ve teknolojiye ayak uydurarak siz de\u011ferli m\u00fc\u015fterilerimizin hizmetine devam etmektedir. M\u00fc\u015fterilerinin ihtiya\u00e7lar\u0131 do\u011frultusunda daha iyi hizmet verebilmek i\u00e7in her ge\u00e7en g\u00fcn kendini yenileyerek ve g\u00fcc\u00fcne g\u00fc\u00e7 katarak ilerlemektedir. 2009 y\u0131l\u0131nda b\u00fcnyesine Assa mangal k\u00f6m\u00fcrlerini de ilave eden firmam\u0131z, kendi sekt\u00f6r\u00fcnde hat\u0131r\u0131 say\u0131l\u0131r bir yer edinmi\u015ftir. Markalar\u0131m\u0131z; Il\u0131ta\u015f Soba, Assa Mangal<\/div>\r\n                   \r\n                                        <div class=\"fact-counter\">\r\n                        <div class=\"row clearfix\">\r\n\t\t\t\t\t\t\t                            \t<div class=\"column counter-column col-md-4 col-sm-6 col-xs-12\">\r\n                                    <div class=\"inner\">\r\n                                        <div class=\"content\">\r\n                                            <div class=\"count-outer count-box\">\r\n                                                <div class=\"icon-box\"><span class=\"icon fa-users\"><\/span><\/div>\r\n                                                <span class=\"count-text\" data-speed=\"2500\" data-stop=\"1800\">0<\/span>                                            <\/div>\r\n                                            <h4 class=\"counter-title\">M\u00fc\u015fteri<\/h4>\r\n                                        <\/div>\r\n                                    <\/div>\r\n                                <\/div>\r\n\t\t\t\t\t\t\t                            \t<div class=\"column counter-column col-md-4 col-sm-6 col-xs-12\">\r\n                                    <div class=\"inner\">\r\n                                        <div class=\"content\">\r\n                                            <div class=\"count-outer count-box\">\r\n                                                <div class=\"icon-box\"><span class=\"icon fa-barcode\"><\/span><\/div>\r\n                                                <span class=\"count-text\" data-speed=\"2500\" data-stop=\"750\">0<\/span>                                            <\/div>\r\n                                            <h4 class=\"counter-title\">\u00dcr\u00fcn Yelpazesi<\/h4>\r\n                                        <\/div>\r\n                                    <\/div>\r\n                                <\/div>\r\n\t\t\t\t\t\t\t                            \t<div class=\"column counter-column col-md-4 col-sm-6 col-xs-12\">\r\n                                    <div class=\"inner\">\r\n                                        <div class=\"content\">\r\n                                            <div class=\"count-outer count-box\">\r\n                                                <div class=\"icon-box\"><span class=\"icon fa-suitcase\"><\/span><\/div>\r\n                                                <span class=\"count-text\" data-speed=\"2500\" data-stop=\"46\">0<\/span>                                            <\/div>\r\n                                            <h4 class=\"counter-title\">Y\u0131ll\u0131k Deneyim<\/h4>\r\n                                        <\/div>\r\n                                    <\/div>\r\n                                <\/div>\r\n\t\t\t\t\t\t\t                    \t<\/div>\r\n                    <\/div>\r\n\t\t\t\t\t                   \r\n                <\/div>\r\n            <\/div>\r\n            \r\n                            <!--Carousel Column-->\r\n                <div class=\"carousel-column col-md-4 col-sm-12 col-xs-12\">\r\n                    <div class=\"inner-column\">\r\n                        <div class=\"single-item-carousel owl-carousel owl-theme\">\r\n                                                            <!--Testimonial Block Three-->\r\n                                <div class=\"testimonial-block-three\">\r\n                                    <div class=\"inner-box\">\r\n                                        <div class=\"upper-box\">\r\n                                            <div class=\"icon fa-star\"><\/div>\r\n                                            <h2>Markalar\u0131m\u0131z<\/h2>\r\n                                        <\/div>\r\n                                        <div class=\"text\"><\/div>\r\n                                    <\/div>\r\n                                <\/div>\r\n                                                    <\/div>\r\n                    <\/div>\r\n                <\/div>\r\n                        \r\n        <\/div>\r\n    <\/div>\r\n<\/section>\r\n<!--End About Section--><\/div><\/div><\/div><\/div><\/section><section class=\"kc-elm kc-css-538522 kc_row\"><div class=\"kc-row-container\"><div class=\"kc-wrap-columns\"><div class=\"kc-elm kc-css-994980 kc_col-sm-12 kc_column kc_col-sm-12\"><div class=\"kc-col-container\"><\/div><\/div><\/div><\/div><\/section><\/p>\n","protected":false},"excerpt":{"rendered":"","protected":false},"author":1,"featured_media":0,"parent":0,"menu_order":0,"comment_status":"closed","ping_status":"closed","template":"tpl-king_composer.php","meta":{"footnotes":""},"class_list":["post-27","page","type-page","status-publish","hentry"],"_links":{"self":[{"href":"https:\/\/assamangal.com\/index.php?rest_route=\/wp\/v2\/pages\/27","targetHints":{"allow":["GET"]}}],"collection":[{"href":"https:\/\/assamangal.com\/index.php?rest_route=\/wp\/v2\/pages"}],"about":[{"href":"https:\/\/assamangal.com\/index.php?rest_route=\/wp\/v2\/types\/page"}],"author":[{"embeddable":true,"href":"https:\/\/assamangal.com\/index.php?rest_route=\/wp\/v2\/users\/1"}],"replies":[{"embeddable":true,"href":"https:\/\/assamangal.com\/index.php?rest_route=%2Fwp%2Fv2%2Fcomments&post=27"}],"version-history":[{"count":41,"href":"https:\/\/assamangal.com\/index.php?rest_route=\/wp\/v2\/pages\/27\/revisions"}],"predecessor-version":[{"id":1223,"href":"https:\/\/assamangal.com\/index.php?rest_route=\/wp\/v2\/pages\/27\/revisions\/1223"}],"wp:attachment":[{"href":"https:\/\/assamangal.com\/index.php?rest_route=%2Fwp%2Fv2%2Fmedia&parent=27"}],"curies":[{"name":"wp","href":"https:\/\/api.w.org\/{rel}","templated":true}]}}